 n(w) composite?
True
Suppose -240 = 14*h - 13*h. Let d = h - -703. Is d a prime number?
True
Let u(b) = -2 - 9*b**2 + 8*b**2 - b**3 + 7*b**2. Let k(x) = 2*x**2 + 4*x - 1. Let a be k(-3). Is u(a) a composite number?
False
Let j(o) = -o**3 - 9*o**2 + o + 11. Let i be j(-9). Suppose -4*n + 3221 = 5*c, i*c = 3*c + 2*n - 649. Is c a composite number?
False
Let x = 479 + 251. Let k = x + -317. Is k a composite number?
True
Suppose -2*x - c = -41203, 6*x - 3*c - 82381 = 2*x. Is x composite?
False
Let w(t) = 149*t - 7. Let p = -1 - -4. Suppose q - p - 3 = 0. Is w(q) prime?
True
Let c(h) = -h**3 + 17*h**2 + 13*h - 33. Is c(14) a composite number?
True
Let b(n) = 84*n**3 + 8*n**2 + 4*n + 10. Let u(x) = 42*x**3 + 4*x**2 + 2*x + 5. Let z(d) = 2*b(d) - 5*u(d). Is z(-3) prime?
False
Is (-5 + 10 + 404506)/3 composite?
False
Let b = 1 + 3. Suppose -2*c = -b*c + 782. Is c prime?
False
Suppose 2*t - 82230 = -3*j - 6321, 5*t + 50587 = 2*j. Is j composite?
False
Let h(z) = -z**3 - 2*z**2 - z + 4. Let k be h(0). Suppose k*b + 5 = -3, -2*q - 5*b + 1828 = 0. Is q prime?
True
Suppose -3180 = -2*d + 2*u, -2*u = d + 4*d - 7943. Is d a prime number?
False
Let i be (-12)/8*(-3508)/6. Suppose 4*o = -m + i, -4*m + 0*o - 3*o + 3547 = 0. Is m prime?
False
Let h(t) = t**3 - 3*t**2 + 1. Let a be h(3). Let x(o) = 646*o**3 + o**2 + o - 1. Is x(a) a prime number?
True
Suppose 0 = 4*i + 32 + 4. Is (284/(-6))/((-33)/i + -4) a prime number?
False
Let j be (-25466)/(-35) - 9/15. Let g = j + -290. Is g a prime number?
False
Is (-196)/88*-344 - (-2)/(-11) a prime number?
False
Let v = -6867 - -4883. Let q = v - -2937. Is q a prime number?
True
Let z(q) = 282*q + 29. Let x be z(11). Let c = x - 1732. Is c a composite number?
False
Suppose -4*v - 7 = 3*y, -3*v + 4*y + 30 = 2*v. Suppose -2 = -v*g + 10. Suppose g*m = 5*m + 289. Is m a composite number?
True
Let h(x) = -71*x - 359. Is h(-14) prime?
False
Let r(g) = -408*g - 259. Is r(-12) a prime number?
True
Let v(s) = 13*s**2 - 5*s + 11. Is v(-8) composite?
False
Suppose -2*i - 2*n = -6, 3*n + n = 20. Is (60/90)/(i*(-2)/804) prime?
False
Let d be (2 - -3)/(-1 + (-3)/(-2)). Suppose d*s - 979 = -s. Is s prime?
True
Suppose 4*k - k = 4*n + 611, -k - 5*n = -210. Suppose 111 = 4*j - k. Suppose 4*g = 6*r - 5*r - j, 2*g = -5*r + 461. Is r a composite number?
True
Let m be 9/(-6)*(-3088)/12. Let w = 176 - m. Let g = w + 411. Is g prime?
False
Suppose -50492 + 17447 = -5*b. Suppose 10*k - b = 7*k. Is k a composite number?
False
Suppose -14*b - 2*p = -19*b + 791, -5*b - 2*p + 779 = 0. Is b a prime number?
True
Suppose -52*c + 60*c = 58232. Is c a prime number?
False
Let m(c) = 1455*c + 43. Is m(6) prime?
False
Let f(u) = -13*u**3 + 15*u**2 + 15*u - 2. Is f(-5) prime?
False
Let w(h) = 54*h**3 + 3*h**2 + 7*h + 1. Let m = -96 + 99. Is w(m) a prime number?
False
Suppose 7*h = k + 10*h - 508, h = -4*k + 1999. Is k composite?
False
Let v(u) = 4*u**2 + 81*u + 182. Is v(-51) prime?
False
Let g(w) = -4*w**3. Let r be g(1). Let a(i) = -i**3 + 4*i**2 - 4*i - 5. Let z be a(r). Suppose 273 + z = 4*x. Is x composite?
False
Let g = 0 - -3. Suppose -g*y + 11 = 680. Let d = 552 + y. Is d a prime number?
False
Suppose -6*s + 12*s = -1074. Let m = 438 + s. Is m a composite number?
True
Let c be -15*(4/2 + -1). Let n be (30/25)/((-1)/1445). Is n/c + (-6)/10 prime?
False
Let a(r) = -1 + r**2 - 1 + 4 + 3*r - 25*r. Is a(-15) a prime number?
True
Let j(v) = 682*v - 43. Is j(6) prime?
True
Let d = -62 + 42. Let p = d + 71. Is p prime?
False
Let f(a) = 9*a - 7. Let l be f(4). Suppose l = 4*q + 289. Let p = 112 + q. Is p a composite number?
False
Suppose -5*a = -r + 13526, a + 5241 + 21802 = 2*r. Is r a prime number?
False
Suppose 17 = 4*f - 3*c, -8 + 23 = -5*c. Suppose -o + 1337 = f*n + n, -4*n = 2*o - 2674. Is o prime?
False
Suppose 22*a = 101160 + 54358. Is a prime?
True
Let l be ((-4)/10)/((-2)/(-10)). Let y be 0/(-2*1/l). Suppose y = -2*n + 69 + 109. Is n composite?
False
Suppose -5*i - 5*o = 5, -2*i - 7*o + 4 = -2*o. Let a(d) = 24*d**2 + 2*d - 7. Is a(i) a prime number?
False
Let q be -4*(-4)/16*1. Let c be (-2)/(-3 + q) + 112. Let f = c - -6. Is f a prime number?
False
Suppose 8*x - 4522 + 98 = 0. Is x prime?
False
Suppose -1896 = -2*o + 126. Let h = o - 124. Is h a prime number?
True
Let l be 0 + 0 + 5 + -3 + 439. Suppose 0 = 3*c - x - 6452, c = 2*x + 1718 + l. Is c a prime number?
False
Is 4 + (-1)/((-6)/44934)*1 prime?
False
Let v be (-66)/10 + (-7)/((-245)/21). Let q(f) = -9*f**3 - 5*f - 1. Is q(v) a composite number?
False
Let q = 6937 + -4008. Suppose 4*m = 5043 + q. Let r = m - 336. Is r composite?
False
Let a = 151 + 151. Suppose a = 3*r - 55. Is r a prime number?
False
Let s = -50 - -54. Suppose -s*p = -3*p - 493. Is p prime?
False
Let i(a) = -96*a**2 - 2*a - 1. Let c(m) = 193*m**2 + 5*m + 3. Let b(y) = -4*c(y) - 9*i(y). Is b(-4) a composite number?
True
Is 2*(4 + 43479/6) a prime number?
False
Let f(n) = -3*n**3 + 8*n**2 - 2*n - 24. Let u(k) = -10*k**3 + 25*k**2 - 6*k - 73. Let p(o) = -7*f(o) + 2*u(o). Is p(7) a composite number?
True
Let g = 3369 - 1790. Is g a prime number?
True
Let j(r) = 389*r + 399. Is j(32) a composite number?
True
Suppose 4*j - 43740 = 2*a, -3*j + 9*a = 11*a - 32819. Is j composite?
False
Let l(r) = -r**2 + 5*r + 19. Let f be l(9). Let w(o) = 2*o**3 + 36*o**2 + 15*o + 11. Is w(f) composite?
True
Suppose -g - 836 = -87. Let b = 422 - g. Is b a composite number?
False
Let m(w) = w + 1. Let d(h) = h - 8. Let p be d(4). Let x(i) = 277*i + 3. Let c(r) = p*m(r) + x(r). Is c(3) prime?
False
Suppose 2*q - 2*o + 10 = 4*q, 3*q + 2*o - 20 = 0. Is 4/10 + 1906/q prime?
True
Suppose -4*u - 707 - 262 = 3*q, -2*u - 4*q - 472 = 0. Suppose 2420 = -4*o + 160. Let d = u - o. Is d a prime number?
False
Suppose 5*u + 3*k + 2*k = 60, -5*u + 87 = -4*k. Suppose -5*p + 35 = -5*y, 2*y - 3*p + 0*p + u = 0. Is 2*(-4 + (-117)/y) prime?
True
Suppose -33*l = 5*l - 1375106. Is l prime?
True
Let g(o) = -o + 13. Let v be g(0). Let z = v + -10. Suppose -4*n = -z*n - 407. Is n prime?
False
Let g = 77479 + -17862. Is g a prime number?
True
Suppose 2*m - 4*t = 187126, 3*m - 312226 + 31532 = t. Is m a prime number?
False
Is 106*556/16 - (-8)/(-16) prime?
False
Suppose -2*z + 886 = 3444. Let c = -832 - z. Is c composite?
True
Let p be 3 + -2 - 2/(-1). Suppose -5*w - p*s = -s - 425, -w - 4*s = -67. Is w a composite number?
True
Suppose -5*n + 16 + 0 = p, 3*p = 3*n + 12. Suppose k - p*o + o = 4, -2*k + 8 = 2*o. Suppose a = -a - 4*y + 214, k*a - 448 = 2*y. Is a a prime number?
False
Is 18119*(-1 - 2)*8/(-24) a prime number?
True
Let j(t) = -342*t + 49. Is j(-9) prime?
False
Suppose 5*q + 1686 = 4*x, 0 = -3*x + 84*q - 89*q + 1247. Is x composite?
False
Let o(v) = 25*v**3 + 5*v**2 + 5*v - 2. Let g(m) = -38*m**3 - 7*m**2 - 7*m + 3. Let a = -11 - -18. Let i(t) = a*o(t) + 5*g(t). Is i(-2) a composite number?
True
Suppose -1207 = -2*t + 815. Let u = -430 + t. Is u prime?
False
Let d(u) = 5*u**3 - 95*u**2 + 29*u + 23. Is d(40) a composite number?
True
Let b = -5753 - -11607. Is b prime?
False
Let w = 6050 + -1483. Is w a prime number?
True
Suppose 51544 = 5*g - 3*p, -4*g + 8*g + p - 41225 = 0. Is g prime?
False
Suppose -w + 3*r = -11, 4*w + 2*r = -0*w + 2. Suppose -2*g = -10, 0*u + 5*u + w*g = 80. Is u prime?
False
Let k(j) = -j**2 - 8*j + 3. Let s be k(-7). Suppose -o = -b - 0*b, 2*o = 4*b - s. Suppose -l - 256 = -b*l + f, -4*l - f + 264 = 0. Is l a prime number?
False
Suppose -2*c = 5*w - 27497, -c + 7381 = w - 6369. Is c prime?
True
Let h(s) = 3*s**3 - 7*s**2 + 12*s + 11. Let v(p) = -9*p**3 - p**2 + p. Let a be v(-1). Is h(a) prime?
False
Let t = 8996 + 13193. Is t prime?
True
Let o = -26 - -27. Let x = 2 - -1. Is (x + -6)*o*-13 a composite number?
True
Suppose 3*j + 3*o = -4 - 2, j + 8 = -3*o. Is (-3714)/(j*8/(-4)) composite?
True
Suppose -2*x + 9 = x. Let k be (1068/(-9))/(1/x). Is k/(-52) - 2/(-13) a prime number?
True
Let h be 3/15 - 39998/(-35). Suppose -5*j = -s + 1155, h = s - j - j. Is s a prime number?
False
Let p(z) = 130*z**3 + z**2 - 2*z + 1. Let d be p(1). Suppose k - 269 = 5*w, d + 394 = 2*k - 3*w. Is k a prime number?
False
Let y(i) = i**3 + 18*i**2 - 14*i - 6. Is y(-17) prime?
True
Let p(o) = 2410*o**2 + 26*o + 27. Is p(-1) composite?
False
Is 16/56 - (-41431)